Last updated on 2025-07-16 05:49:24 CEST.
Flavor | Version | Tinstall | Tcheck | Ttotal | Status | Flags |
---|---|---|---|---|---|---|
r-devel-linux-x86_64-debian-clang | 1.1.2 | 43.31 | 33.23 | 76.54 | OK | |
r-devel-linux-x86_64-debian-gcc | 1.1.2 | 33.55 | 27.23 | 60.78 | OK | |
r-devel-linux-x86_64-fedora-clang | 1.1.2 | 136.98 | OK | |||
r-devel-linux-x86_64-fedora-gcc | 1.1.2 | 153.97 | OK | |||
r-devel-windows-x86_64 | 1.1.2 | 49.00 | 74.00 | 123.00 | OK | |
r-patched-linux-x86_64 | 1.1.2 | 45.42 | 29.89 | 75.31 | OK | |
r-release-linux-x86_64 | 1.1.2 | 42.45 | 29.84 | 72.29 | OK | |
r-release-macos-arm64 | 1.1.2 | 51.00 | OK | |||
r-release-macos-x86_64 | 1.1.2 | 65.00 | OK | |||
r-release-windows-x86_64 | 1.1.2 | 49.00 | 84.00 | 133.00 | OK | |
r-oldrel-macos-arm64 | 1.1.2 | 46.00 | NOTE | |||
r-oldrel-macos-x86_64 | 1.1.2 | 94.00 | NOTE | |||
r-oldrel-windows-x86_64 | 1.1.2 | 59.00 | 88.00 | 147.00 | OK |
Version: 1.1.2
Check: installed package size
Result: NOTE
installed size is 6.3Mb
sub-directories of 1Mb or more:
doc 1.3Mb
libs 4.9Mb
Flavors: r-oldrel-macos-arm64, r-oldrel-macos-x86_64