CRAN Package Check Results for Package geodata

Last updated on 2025-07-17 19:51:39 CEST.

Flavor Version Tinstall Tcheck Ttotal Status Flags
r-devel-linux-x86_64-debian-clang 0.6-2 25.05 198.07 223.12 NOTE
r-devel-linux-x86_64-debian-gcc 0.6-2 13.70 121.48 135.18 NOTE
r-devel-linux-x86_64-fedora-clang 0.6-2 348.25 OK
r-devel-linux-x86_64-fedora-gcc 0.6-2 343.97 OK
r-devel-windows-x86_64 0.6-2 22.00 166.00 188.00 OK
r-patched-linux-x86_64 0.6-2 22.76 188.12 210.88 OK
r-release-linux-x86_64 0.6-2 22.02 184.90 206.92 OK
r-release-macos-arm64 0.6-2 98.00 OK
r-release-macos-x86_64 0.6-2 190.00 OK
r-release-windows-x86_64 0.6-2 22.00 169.00 191.00 OK
r-oldrel-macos-arm64 0.6-2 106.00 OK
r-oldrel-macos-x86_64 0.6-2 259.00 OK
r-oldrel-windows-x86_64 0.6-2 32.00 235.00 267.00 OK

Check Details

Version: 0.6-2
Check: CRAN incoming feasibility
Result: NOTE Maintainer: ‘Robert J. Hijmans <r.hijmans@gmail.com>’ No Authors@R field in DESCRIPTION. Please add one, modifying Authors@R: c(person(given = c("Robert", "J."), family = "Hijmans", role = c("cre", "aut"), email = "r.hijmans@gmail.com"), person(given = "Márcia", family = "Barbosa", role = "ctb"), person(given = "Aniruddha", family = "Ghosh", role = "ctb"), person(given = "Alex", family = "Mandel", role = "ctb")) as necessary. Flavors: r-devel-linux-x86_64-debian-clang, r-devel-linux-x86_64-debian-gcc