CRAN Package Check Results for Package gargle

Last updated on 2025-07-16 23:49:15 CEST.

Flavor Version Tinstall Tcheck Ttotal Status Flags
r-devel-linux-x86_64-debian-clang 1.5.2 9.19 84.68 93.87 NOTE
r-devel-linux-x86_64-debian-gcc 1.5.2 5.96 63.20 69.16 NOTE
r-devel-linux-x86_64-fedora-clang 1.5.2 141.77 OK
r-devel-linux-x86_64-fedora-gcc 1.5.2 158.53 OK
r-devel-windows-x86_64 1.5.2 10.00 102.00 112.00 NOTE
r-patched-linux-x86_64 1.5.2 8.18 77.74 85.92 NOTE
r-release-linux-x86_64 1.5.2 8.84 77.13 85.97 NOTE
r-release-macos-arm64 1.5.2 74.00 OK
r-release-macos-x86_64 1.5.2 119.00 OK
r-release-windows-x86_64 1.5.2 9.00 112.00 121.00 NOTE
r-oldrel-macos-arm64 1.5.2 56.00 OK
r-oldrel-macos-x86_64 1.5.2 88.00 OK
r-oldrel-windows-x86_64 1.5.2 12.00 129.00 141.00 OK

Check Details

Version: 1.5.2
Check: Rd cross-references
Result: NOTE Found the following Rd file(s) with Rd \link{} targets missing package anchors: gargle_oauth_client_from_json.Rd: oauth_app request_make.Rd: httr request_retry.Rd: httr response_process.Rd: httr Please provide package anchors for all Rd \link{} targets not in the package itself and the base packages. Flavors: r-devel-linux-x86_64-debian-clang, r-devel-linux-x86_64-debian-gcc, r-devel-windows-x86_64, r-patched-linux-x86_64, r-release-linux-x86_64, r-release-windows-x86_64