CRAN Package Check Results for Package fuser

Last updated on 2025-07-15 17:50:08 CEST.

Flavor Version Tinstall Tcheck Ttotal Status Flags
r-devel-linux-x86_64-debian-clang 1.0.1 27.38 93.33 120.71 NOTE
r-devel-linux-x86_64-debian-gcc 1.0.1 22.59 75.24 97.83 NOTE
r-devel-linux-x86_64-fedora-clang 1.0.1 192.76 OK
r-devel-linux-x86_64-fedora-gcc 1.0.1 208.56 OK
r-devel-windows-x86_64 1.0.1 32.00 121.00 153.00 OK
r-patched-linux-x86_64 1.0.1 29.79 91.23 121.02 OK
r-release-linux-x86_64 1.0.1 29.64 91.09 120.73 OK
r-release-macos-arm64 1.0.1 82.00 OK
r-release-macos-x86_64 1.0.1 141.00 OK
r-release-windows-x86_64 1.0.1 32.00 133.00 165.00 OK
r-oldrel-macos-arm64 1.0.1 74.00 NOTE
r-oldrel-macos-x86_64 1.0.1 98.00 NOTE
r-oldrel-windows-x86_64 1.0.1 38.00 152.00 190.00 NOTE

Check Details

Version: 1.0.1
Check: CRAN incoming feasibility
Result: NOTE Maintainer: ‘Frank Dondelinger <fdondelinger.work@gmail.com>’ The Description field contains in detail in Dondelinger and Mukherjee (2017) <arXiv:1611.00953>. Please refer to arXiv e-prints via their arXiv DOI <doi:10.48550/arXiv.YYMM.NNNNN>. Flavors: r-devel-linux-x86_64-debian-clang, r-devel-linux-x86_64-debian-gcc

Version: 1.0.1
Check: installed package size
Result: NOTE installed size is 7.3Mb sub-directories of 1Mb or more: libs 7.1Mb Flavors: r-oldrel-macos-arm64, r-oldrel-macos-x86_64

Version: 1.0.1
Check: LazyData
Result: NOTE 'LazyData' is specified without a 'data' directory Flavors: r-oldrel-macos-arm64, r-oldrel-macos-x86_64, r-oldrel-windows-x86_64