Last updated on 2025-07-25 19:49:43 CEST.
Flavor | Version | Tinstall | Tcheck | Ttotal | Status | Flags |
---|---|---|---|---|---|---|
r-devel-linux-x86_64-debian-clang | 0.1.2 | 8.22 | 43.99 | 52.21 | OK | |
r-devel-linux-x86_64-debian-gcc | 0.1.2 | 5.03 | 31.15 | 36.18 | OK | |
r-devel-linux-x86_64-fedora-clang | 0.1.2 | 79.33 | NOTE | |||
r-devel-linux-x86_64-fedora-gcc | 0.1.2 | 75.69 | NOTE | |||
r-devel-windows-x86_64 | 0.1.2 | 9.00 | 66.00 | 75.00 | OK | |
r-patched-linux-x86_64 | 0.1.2 | 7.16 | 41.69 | 48.85 | OK | |
r-release-linux-x86_64 | 0.1.2 | 6.56 | 41.24 | 47.80 | OK | |
r-release-macos-arm64 | 0.1.2 | 33.00 | OK | |||
r-release-macos-x86_64 | 0.1.2 | 55.00 | OK | |||
r-release-windows-x86_64 | 0.1.2 | 10.00 | 60.00 | 70.00 | OK | |
r-oldrel-macos-arm64 | 0.1.2 | 26.00 | OK | |||
r-oldrel-macos-x86_64 | 0.1.2 | 41.00 | OK | |||
r-oldrel-windows-x86_64 | 0.1.2 | 13.00 | 68.00 | 81.00 | OK |
Version: 0.1.2
Check: dependencies in R code
Result: NOTE
Namespaces in Imports field not imported from:
‘bigalgebra’ ‘biganalytics’
All declared Imports should be used.
Flavors: r-devel-linux-x86_64-fedora-clang, r-devel-linux-x86_64-fedora-gcc