Last updated on 2025-07-15 23:51:20 CEST.
Flavor | Version | Tinstall | Tcheck | Ttotal | Status | Flags |
---|---|---|---|---|---|---|
r-devel-linux-x86_64-debian-clang | 2.2-13 | 16.85 | 130.55 | 147.40 | OK | |
r-devel-linux-x86_64-debian-gcc | 2.2-13 | 10.69 | 86.58 | 97.27 | OK | |
r-devel-linux-x86_64-fedora-clang | 2.2-13 | 223.60 | OK | |||
r-devel-linux-x86_64-fedora-gcc | 2.2-13 | 224.74 | OK | |||
r-devel-windows-x86_64 | 2.2-13 | 16.00 | 155.00 | 171.00 | OK | |
r-patched-linux-x86_64 | 2.2-13 | 20.08 | 122.13 | 142.21 | OK | |
r-release-linux-x86_64 | 2.2-13 | 15.50 | 121.50 | 137.00 | OK | |
r-release-macos-arm64 | 2.2-13 | 60.00 | NOTE | |||
r-release-macos-x86_64 | 2.2-13 | 138.00 | OK | |||
r-release-windows-x86_64 | 2.2-13 | 17.00 | 175.00 | 192.00 | OK | |
r-oldrel-macos-arm64 | 2.2-13 | 55.00 | OK | |||
r-oldrel-macos-x86_64 | 2.2-13 | 118.00 | OK | |||
r-oldrel-windows-x86_64 | 2.2-13 | 21.00 | 194.00 | 215.00 | OK |
Version: 2.2-13
Check: tests
Result: NOTE
Running ‘fpctests_notallin.R’ [3s/3s]
Comparing ‘fpctests_notallin.Rout’ to ‘fpctests_notallin.Rout.save’ ...24,26c24,26
< [1,] -0.215 -0.3389 -0.51886
< [2,] 0.370 0.0144 -0.00893
< [3,] -0.111 0.7914 -0.23574
---
> [1,] 0.215 -0.3389 -0.51886
> [2,] -0.370 0.0144 -0.00893
> [3,] 0.111 0.7914 -0.23574
Flavor: r-release-macos-arm64