CRAN Package Check Results for Package forestmodel

Last updated on 2025-07-16 05:49:23 CEST.

Flavor Version Tinstall Tcheck Ttotal Status Flags
r-devel-linux-x86_64-debian-clang 0.6.2 6.53 53.67 60.20 NOTE
r-devel-linux-x86_64-debian-gcc 0.6.2 4.41 39.80 44.21 NOTE
r-devel-linux-x86_64-fedora-clang 0.6.2 92.38 OK
r-devel-linux-x86_64-fedora-gcc 0.6.2 89.24 OK
r-devel-windows-x86_64 0.6.2 7.00 63.00 70.00 OK
r-patched-linux-x86_64 0.6.2 6.10 49.06 55.16 OK
r-release-linux-x86_64 0.6.2 5.99 49.32 55.31 OK
r-release-macos-arm64 0.6.2 26.00 OK
r-release-macos-x86_64 0.6.2 49.00 OK
r-release-windows-x86_64 0.6.2 8.00 65.00 73.00 OK
r-oldrel-macos-arm64 0.6.2 26.00 NOTE
r-oldrel-macos-x86_64 0.6.2 39.00 NOTE
r-oldrel-windows-x86_64 0.6.2 10.00 80.00 90.00 NOTE

Check Details

Version: 0.6.2
Check: CRAN incoming feasibility
Result: NOTE Maintainer: ‘Nick Kennedy <r@nick-kennedy.com>’ No Authors@R field in DESCRIPTION. Please add one, modifying Authors@R: person(given = "Nick", family = "Kennedy", role = c("aut", "cre"), email = "r@nick-kennedy.com") as necessary. Flavors: r-devel-linux-x86_64-debian-clang, r-devel-linux-x86_64-debian-gcc

Version: 0.6.2
Check: LazyData
Result: NOTE 'LazyData' is specified without a 'data' directory Flavors: r-oldrel-macos-arm64, r-oldrel-macos-x86_64, r-oldrel-windows-x86_64