CRAN Package Check Results for Package forecastML

Last updated on 2025-07-13 04:48:46 CEST.

Flavor Version Tinstall Tcheck Ttotal Status Flags
r-devel-linux-x86_64-debian-clang 0.9.0 12.57 455.59 468.16 NOTE
r-devel-linux-x86_64-debian-gcc 0.9.0 7.40 291.99 299.39 NOTE
r-devel-linux-x86_64-fedora-clang 0.9.0 684.07 NOTE
r-devel-linux-x86_64-fedora-gcc 0.9.0 690.97 NOTE
r-devel-windows-x86_64 0.9.0 12.00 297.00 309.00 OK
r-patched-linux-x86_64 0.9.0 12.06 408.73 420.79 OK
r-release-linux-x86_64 0.9.0 11.15 411.87 423.02 OK
r-release-macos-arm64 0.9.0 231.00 OK
r-release-macos-x86_64 0.9.0 491.00 OK
r-release-windows-x86_64 0.9.0 15.00 318.00 333.00 OK
r-oldrel-macos-arm64 0.9.0 212.00 OK
r-oldrel-macos-x86_64 0.9.0 387.00 OK
r-oldrel-windows-x86_64 0.9.0 18.00 409.00 427.00 OK

Check Details

Version: 0.9.0
Check: CRAN incoming feasibility
Result: NOTE Maintainer: ‘Nickalus Redell <nickalusredell@gmail.com>’ No Authors@R field in DESCRIPTION. Please add one, modifying Authors@R: person(given = "Nickalus", family = "Redell", role = c("aut", "cre"), email = "nickalusredell@gmail.com") as necessary. Flavors: r-devel-linux-x86_64-debian-clang, r-devel-linux-x86_64-debian-gcc

Version: 0.9.0
Check: dependencies in R code
Result: NOTE Namespace in Imports field not imported from: ‘dtplyr’ All declared Imports should be used. Flavors: r-devel-linux-x86_64-fedora-clang, r-devel-linux-x86_64-fedora-gcc