Last updated on 2025-07-19 08:48:36 CEST.
Flavor | Version | Tinstall | Tcheck | Ttotal | Status | Flags |
---|---|---|---|---|---|---|
r-devel-linux-x86_64-debian-clang | 0.7.6 | 4.88 | 45.58 | 50.46 | NOTE | |
r-devel-linux-x86_64-debian-gcc | 0.7.6 | 3.29 | 30.46 | 33.75 | NOTE | |
r-devel-linux-x86_64-fedora-clang | 0.7.6 | 77.25 | OK | |||
r-devel-linux-x86_64-fedora-gcc | 0.7.6 | 79.40 | OK | |||
r-devel-windows-x86_64 | 0.7.6 | 5.00 | 68.00 | 73.00 | OK | |
r-patched-linux-x86_64 | 0.7.6 | 6.20 | 41.61 | 47.81 | OK | |
r-release-linux-x86_64 | 0.7.6 | 4.27 | 42.69 | 46.96 | OK | |
r-release-macos-arm64 | 0.7.6 | 27.00 | OK | |||
r-release-macos-x86_64 | 0.7.6 | 41.00 | OK | |||
r-release-windows-x86_64 | 0.7.6 | 7.00 | 70.00 | 77.00 | OK | |
r-oldrel-macos-arm64 | 0.7.6 | 21.00 | OK | |||
r-oldrel-macos-x86_64 | 0.7.6 | 34.00 | OK | |||
r-oldrel-windows-x86_64 | 0.7.6 | 8.00 | 81.00 | 89.00 | OK |
Version: 0.7.6
Check: CRAN incoming feasibility
Result: NOTE
Maintainer: ‘Minato Nakazawa <minatonakazawa@gmail.com>’
No Authors@R field in DESCRIPTION.
Please add one, modifying
Authors@R: person(given = "Minato",
family = "Nakazawa",
role = c("aut", "cre"),
email = "minatonakazawa@gmail.com")
as necessary.
Flavors: r-devel-linux-x86_64-debian-clang, r-devel-linux-x86_64-debian-gcc