CRAN Package Check Results for Package flsa

Last updated on 2025-07-21 17:50:14 CEST.

Flavor Version Tinstall Tcheck Ttotal Status Flags
r-devel-linux-x86_64-debian-clang 1.5.5 18.94 18.71 37.65 NOTE
r-devel-linux-x86_64-debian-gcc 1.5.5 12.89 15.69 28.58 NOTE
r-devel-linux-x86_64-fedora-clang 1.5.5 77.94 OK
r-devel-linux-x86_64-fedora-gcc 1.5.5 60.75 OK
r-devel-windows-x86_64 1.5.5 26.00 53.00 79.00 OK
r-patched-linux-x86_64 1.5.5 18.37 17.93 36.30 OK
r-release-linux-x86_64 1.5.5 17.14 17.80 34.94 OK
r-release-macos-arm64 1.5.5 27.00 OK
r-release-macos-x86_64 1.5.5 33.00 OK
r-release-windows-x86_64 1.5.5 24.00 55.00 79.00 OK
r-oldrel-macos-arm64 1.5.5 23.00 OK
r-oldrel-macos-x86_64 1.5.5 30.00 OK
r-oldrel-windows-x86_64 1.5.5 24.00 62.00 86.00 OK

Check Details

Version: 1.5.5
Check: CRAN incoming feasibility
Result: NOTE Maintainer: ‘Holger Hoefling <hhoeflin@gmail.com>’ No Authors@R field in DESCRIPTION. Please add one, modifying Authors@R: person(given = "Holger", family = "Hoefling", role = c("aut", "cre"), email = "hhoeflin@gmail.com") as necessary. The Description field contains <arXiv:0910.0526>. Please refer to arXiv e-prints via their arXiv DOI <doi:10.48550/arXiv.YYMM.NNNNN>. Flavors: r-devel-linux-x86_64-debian-clang, r-devel-linux-x86_64-debian-gcc