CRAN Package Check Results for Package fillr

Last updated on 2025-07-17 05:49:48 CEST.

Flavor Version Tinstall Tcheck Ttotal Status Flags
r-devel-linux-x86_64-debian-clang 1.0.0 1.70 21.29 22.99 OK
r-devel-linux-x86_64-debian-gcc 1.0.0 1.60 17.61 19.21 OK
r-devel-linux-x86_64-fedora-clang 1.0.0 33.09 OK
r-devel-linux-x86_64-fedora-gcc 1.0.0 32.01 OK
r-devel-windows-x86_64 1.0.0 4.00 41.00 45.00 OK
r-patched-linux-x86_64 1.0.0 1.87 18.73 20.60 OK
r-release-linux-x86_64 1.0.0 1.64 18.77 20.41 OK
r-release-macos-arm64 1.0.0 16.00 OK
r-release-macos-x86_64 1.0.0 25.00 OK
r-release-windows-x86_64 1.0.0 3.00 43.00 46.00 OK
r-oldrel-macos-arm64 1.0.0 16.00 NOTE
r-oldrel-macos-x86_64 1.0.0 24.00 NOTE
r-oldrel-windows-x86_64 1.0.0 3.00 47.00 50.00 NOTE

Check Details

Version: 1.0.0
Check: LazyData
Result: NOTE 'LazyData' is specified without a 'data' directory Flavors: r-oldrel-macos-arm64, r-oldrel-macos-x86_64, r-oldrel-windows-x86_64