CRAN Package Check Results for Package fail

Last updated on 2025-07-16 05:49:22 CEST.

Flavor Version Tinstall Tcheck Ttotal Status Flags
r-devel-linux-x86_64-debian-clang 1.3 2.40 25.05 27.45 NOTE
r-devel-linux-x86_64-debian-gcc 1.3 1.95 20.29 22.24 NOTE
r-devel-linux-x86_64-fedora-clang 1.3 42.29 OK
r-devel-linux-x86_64-fedora-gcc 1.3 39.91 OK
r-devel-windows-x86_64 1.3 3.00 45.00 48.00 OK
r-patched-linux-x86_64 1.3 2.54 23.32 25.86 OK
r-release-linux-x86_64 1.3 1.74 23.08 24.82 OK
r-release-macos-arm64 1.3 19.00 OK
r-release-macos-x86_64 1.3 28.00 OK
r-release-windows-x86_64 1.3 4.00 48.00 52.00 OK
r-oldrel-macos-arm64 1.3 18.00 OK
r-oldrel-macos-x86_64 1.3 25.00 OK
r-oldrel-windows-x86_64 1.3 4.00 51.00 55.00 OK

Check Details

Version: 1.3
Check: CRAN incoming feasibility
Result: NOTE Maintainer: ‘Michel Lang <michellang@gmail.com>’ No Authors@R field in DESCRIPTION. Please add one, modifying Authors@R: person(given = "Michel", family = "Lang", role = c("aut", "cre"), email = "michellang@gmail.com") as necessary. Flavors: r-devel-linux-x86_64-debian-clang, r-devel-linux-x86_64-debian-gcc