CRAN Package Check Results for Package fSRM

Last updated on 2025-07-16 17:49:24 CEST.

Flavor Version Tinstall Tcheck Ttotal Status Flags
r-devel-linux-x86_64-debian-clang 0.6.5 9.30 75.85 85.15 NOTE
r-devel-linux-x86_64-debian-gcc 0.6.5 8.18 62.10 70.28 NOTE
r-devel-linux-x86_64-fedora-clang 0.6.5 137.66 OK
r-devel-linux-x86_64-fedora-gcc 0.6.5 128.01 OK
r-devel-windows-x86_64 0.6.5 11.00 87.00 98.00 OK
r-patched-linux-x86_64 0.6.5 9.00 67.93 76.93 OK
r-release-linux-x86_64 0.6.5 9.84 67.09 76.93 OK
r-release-macos-arm64 0.6.5 94.00 OK
r-release-macos-x86_64 0.6.5 91.00 OK
r-release-windows-x86_64 0.6.5 11.00 101.00 112.00 OK
r-oldrel-macos-arm64 0.6.5 41.00 OK
r-oldrel-macos-x86_64 0.6.5 62.00 OK
r-oldrel-windows-x86_64 0.6.5 13.00 102.00 115.00 OK

Check Details

Version: 0.6.5
Check: CRAN incoming feasibility
Result: NOTE Maintainer: ‘Felix Schönbrodt <felix@nicebread.de>’ No Authors@R field in DESCRIPTION. Please add one, modifying Authors@R: c(person(given = "Felix", family = "Schönbrodt", role = c("aut", "cre"), email = "felix@nicebread.de"), person(given = "Lara", family = "Stas", role = "aut"), person(given = "Tom", family = "Loeys", role = "aut")) as necessary. Package CITATION file contains call(s) to old-style personList() or as.personList(). Please use c() on person objects instead. Package CITATION file contains call(s) to old-style citEntry(). Please use bibentry() instead. Flavors: r-devel-linux-x86_64-debian-clang, r-devel-linux-x86_64-debian-gcc