Last updated on 2025-10-17 04:48:41 CEST.
Flavor | Version | Tinstall | Tcheck | Ttotal | Status | Flags |
---|---|---|---|---|---|---|
r-devel-linux-x86_64-debian-clang | 1.3.5 | 43.87 | 29.57 | 73.44 | WARN | |
r-devel-linux-x86_64-debian-gcc | 1.3.5 | 22.86 | 23.39 | 46.25 | WARN | |
r-devel-linux-x86_64-fedora-clang | 1.3.6 | 158.07 | OK | |||
r-devel-linux-x86_64-fedora-gcc | 1.3.6 | 127.35 | OK | |||
r-devel-windows-x86_64 | 1.3.5 | 57.00 | 65.00 | 122.00 | NOTE | |
r-patched-linux-x86_64 | 1.3.5 | 43.58 | 28.27 | 71.85 | NOTE | |
r-release-linux-x86_64 | 1.3.5 | 40.70 | 28.19 | 68.89 | NOTE | |
r-release-macos-arm64 | 1.3.6 | 33.00 | OK | |||
r-release-macos-x86_64 | 1.3.6 | 88.00 | OK | |||
r-release-windows-x86_64 | 1.3.5 | 56.00 | 68.00 | 124.00 | NOTE | |
r-oldrel-macos-arm64 | 1.3.6 | 74.00 | OK | |||
r-oldrel-macos-x86_64 | 1.3.6 | 83.00 | OK | |||
r-oldrel-windows-x86_64 | 1.3.5 | 66.00 | 85.00 | 151.00 | NOTE |
Version: 1.3.5
Check: CRAN incoming feasibility
Result: NOTE
Maintainer: ‘Riccardo Rastelli <riccardoras@gmail.com>’
The Description field contains
<arXiv:1901.09828>.
Please refer to arXiv e-prints via their arXiv DOI <doi:10.48550/arXiv.YYMM.NNNNN>.
Flavors: r-devel-linux-x86_64-debian-clang, r-devel-linux-x86_64-debian-gcc
Version: 1.3.5
Check: whether package can be installed
Result: WARN
Found the following significant warnings:
/home/hornik/tmp/R.check/r-devel-clang/Work/build/Packages/RcppArmadillo/include/RcppArmadillo/version/arma.h:66:17: warning: Using fallback compilation with Armadillo 14.6.3. Please consider defining -DARMA_USE_CURRENT and also removing C++11 compilation directive. See GitHub issue #475 for more. [-W#pragma-messages]
See ‘/home/hornik/tmp/R.check/r-devel-clang/Work/PKGS/expSBM.Rcheck/00install.out’ for details.
* used C compiler: ‘Debian clang version 19.1.7 (7)’
* used C++ compiler: ‘Debian clang version 19.1.7 (7)’
Flavor: r-devel-linux-x86_64-debian-clang
Version: 1.3.5
Check: C++ specification
Result: NOTE
Specified C++11: please drop specification unless essential
Flavors: r-devel-linux-x86_64-debian-clang, r-devel-linux-x86_64-debian-gcc, r-devel-windows-x86_64, r-patched-linux-x86_64, r-release-linux-x86_64, r-release-windows-x86_64, r-oldrel-windows-x86_64
Version: 1.3.5
Check: whether package can be installed
Result: WARN
Found the following significant warnings:
/home/hornik/tmp/R.check/r-devel-gcc/Work/build/Packages/RcppArmadillo/include/RcppArmadillo/version/arma.h:66:199: note: ‘#pragma message: Using fallback compilation with Armadillo 14.6.3. Please consider defining -DARMA_USE_CURRENT and also removing C++11 compilation directive. See GitHub issue #475 for more.’
See ‘/home/hornik/tmp/R.check/r-devel-gcc/Work/PKGS/expSBM.Rcheck/00install.out’ for details.
* used C compiler: ‘gcc-15 (Debian 15.2.0-4) 15.2.0’
* used C++ compiler: ‘g++-15 (Debian 15.2.0-4) 15.2.0’
Flavor: r-devel-linux-x86_64-debian-gcc