Last updated on 2025-07-15 11:49:25 CEST.
Flavor | Version | Tinstall | Tcheck | Ttotal | Status | Flags |
---|---|---|---|---|---|---|
r-devel-linux-x86_64-debian-clang | 0.3.1 | 8.23 | 28.01 | 36.24 | NOTE | |
r-devel-linux-x86_64-debian-gcc | 0.3.1 | 5.98 | 21.72 | 27.70 | NOTE | |
r-devel-linux-x86_64-fedora-clang | 0.3.1 | 57.41 | OK | |||
r-devel-linux-x86_64-fedora-gcc | 0.3.1 | 70.48 | OK | |||
r-devel-windows-x86_64 | 0.3.1 | 9.00 | 47.00 | 56.00 | OK | |
r-patched-linux-x86_64 | 0.3.1 | 8.14 | 26.54 | 34.68 | OK | |
r-release-linux-x86_64 | 0.3.1 | 8.35 | 26.29 | 34.64 | OK | |
r-release-macos-arm64 | 0.3.1 | 30.00 | OK | |||
r-release-macos-x86_64 | 0.3.1 | 52.00 | OK | |||
r-release-windows-x86_64 | 0.3.1 | 11.00 | 51.00 | 62.00 | OK | |
r-oldrel-macos-arm64 | 0.3.1 | 35.00 | OK | |||
r-oldrel-macos-x86_64 | 0.3.1 | 40.00 | OK | |||
r-oldrel-windows-x86_64 | 0.3.1 | 11.00 | 54.00 | 65.00 | OK |
Version: 0.3.1
Check: CRAN incoming feasibility
Result: NOTE
Maintainer: ‘Gert Janssenswillen <gert.janssenswillen@uhasselt.be>’
The BugReports field in DESCRIPTION has
https://github.com/bupaverse/eventdataR/
which should likely be
https://github.com/bupaverse/eventdataR/issues
instead.
Flavors: r-devel-linux-x86_64-debian-clang, r-devel-linux-x86_64-debian-gcc