Last updated on 2025-07-17 05:49:47 CEST.
Flavor | Version | Tinstall | Tcheck | Ttotal | Status | Flags |
---|---|---|---|---|---|---|
r-devel-linux-x86_64-debian-clang | 0.1.0 | 5.78 | 28.32 | 34.10 | OK | |
r-devel-linux-x86_64-debian-gcc | 0.1.0 | 4.01 | 22.47 | 26.48 | OK | |
r-devel-linux-x86_64-fedora-clang | 0.1.0 | 49.55 | OK | |||
r-devel-linux-x86_64-fedora-gcc | 0.1.0 | 48.19 | OK | |||
r-devel-windows-x86_64 | 0.1.0 | 8.00 | 50.00 | 58.00 | OK | |
r-patched-linux-x86_64 | 0.1.0 | 5.57 | 25.85 | 31.42 | OK | |
r-release-linux-x86_64 | 0.1.0 | 6.84 | 26.34 | 33.18 | OK | |
r-release-macos-arm64 | 0.1.0 | 24.00 | OK | |||
r-release-macos-x86_64 | 0.1.0 | 49.00 | OK | |||
r-release-windows-x86_64 | 0.1.0 | 10.00 | 51.00 | 61.00 | OK | |
r-oldrel-macos-arm64 | 0.1.0 | 28.00 | OK | |||
r-oldrel-macos-x86_64 | 0.1.0 | 71.00 | NOTE | |||
r-oldrel-windows-x86_64 | 0.1.0 | 11.00 | 57.00 | 68.00 | OK |
Version: 0.1.0
Check: installed package size
Result: NOTE
installed size is 5.5Mb
sub-directories of 1Mb or more:
data 5.4Mb
Flavor: r-oldrel-macos-x86_64