Last updated on 2025-07-16 17:49:23 CEST.
Flavor | Version | Tinstall | Tcheck | Ttotal | Status | Flags |
---|---|---|---|---|---|---|
r-devel-linux-x86_64-debian-clang | 3.0.2 | 28.76 | 49.22 | 77.98 | NOTE | |
r-devel-linux-x86_64-debian-gcc | 3.0.2 | 23.78 | 37.99 | 61.77 | NOTE | |
r-devel-linux-x86_64-fedora-clang | 3.0.2 | 145.13 | NOTE | |||
r-devel-linux-x86_64-fedora-gcc | 3.0.2 | 145.91 | NOTE | |||
r-devel-windows-x86_64 | 3.0.2 | 38.00 | 87.00 | 125.00 | NOTE | |
r-patched-linux-x86_64 | 3.0.2 | 34.74 | 46.15 | 80.89 | NOTE | |
r-release-linux-x86_64 | 3.0.2 | 29.74 | 46.45 | 76.19 | NOTE | |
r-release-macos-arm64 | 3.0.2 | 44.00 | NOTE | |||
r-release-macos-x86_64 | 3.0.2 | 76.00 | NOTE | |||
r-release-windows-x86_64 | 3.0.2 | 39.00 | 94.00 | 133.00 | NOTE | |
r-oldrel-macos-arm64 | 3.0.2 | 45.00 | NOTE | |||
r-oldrel-macos-x86_64 | 3.0.2 | 59.00 | NOTE | |||
r-oldrel-windows-x86_64 | 3.0.2 | 46.00 | 103.00 | 149.00 | NOTE |
Version: 3.0.2
Check: Rd files
Result: NOTE
checkRd: (-1) elo.run.Rd:80: Lost braces
80 | \code{\link{score}}, \link{elo.run.helpers}{elo.run helpers}, \code{\link{elo.calc}},
| ^
Flavors: r-devel-linux-x86_64-debian-clang, r-devel-linux-x86_64-debian-gcc, r-devel-linux-x86_64-fedora-clang, r-devel-linux-x86_64-fedora-gcc, r-devel-windows-x86_64, r-patched-linux-x86_64, r-release-linux-x86_64, r-release-macos-arm64, r-release-macos-x86_64, r-release-windows-x86_64, r-oldrel-macos-arm64, r-oldrel-macos-x86_64, r-oldrel-windows-x86_64