Last updated on 2025-07-19 19:49:44 CEST.
Flavor | Version | Tinstall | Tcheck | Ttotal | Status | Flags |
---|---|---|---|---|---|---|
r-devel-linux-x86_64-debian-clang | 0.2.1 | 42.40 | 306.54 | 348.94 | NOTE | |
r-devel-linux-x86_64-debian-gcc | 0.2.1 | 29.86 | 213.60 | 243.46 | NOTE | |
r-devel-linux-x86_64-fedora-clang | 0.2.1 | 540.70 | NOTE | |||
r-devel-linux-x86_64-fedora-gcc | 0.2.1 | 500.70 | NOTE | |||
r-devel-windows-x86_64 | 0.2.1 | 35.00 | 267.00 | 302.00 | NOTE | |
r-patched-linux-x86_64 | 0.2.1 | 42.42 | 287.95 | 330.37 | NOTE | |
r-release-linux-x86_64 | 0.2.1 | 39.61 | 287.11 | 326.72 | NOTE | |
r-release-macos-arm64 | 0.2.1 | 121.00 | NOTE | |||
r-release-macos-x86_64 | 0.2.1 | 237.00 | NOTE | |||
r-release-windows-x86_64 | 0.2.1 | 35.00 | 262.00 | 297.00 | NOTE | |
r-oldrel-macos-arm64 | 0.2.1 | 73.00 | OK | |||
r-oldrel-macos-x86_64 | 0.2.1 | 114.00 | OK | |||
r-oldrel-windows-x86_64 | 0.2.1 | 49.00 | 349.00 | 398.00 | OK |
Version: 0.2.1
Check: DESCRIPTION meta-information
Result: NOTE
Missing dependency on R >= 4.1.0 because package code uses the pipe
|> or function shorthand \(...) syntax added in R 4.1.0.
File(s) using such syntax:
‘plottingfunctions.bgms.R’ ‘plottingfunctions.easybgm.R’
Flavors: r-devel-linux-x86_64-debian-clang, r-devel-linux-x86_64-debian-gcc, r-devel-linux-x86_64-fedora-clang, r-devel-linux-x86_64-fedora-gcc, r-devel-windows-x86_64, r-patched-linux-x86_64, r-release-linux-x86_64, r-release-macos-arm64, r-release-macos-x86_64, r-release-windows-x86_64