Last updated on 2025-07-15 11:49:24 CEST.
Flavor | Version | Tinstall | Tcheck | Ttotal | Status | Flags |
---|---|---|---|---|---|---|
r-devel-linux-x86_64-debian-clang | 1.0.5 | 21.45 | 216.04 | 237.49 | NOTE | |
r-devel-linux-x86_64-debian-gcc | 1.0.5 | 13.82 | 139.50 | 153.32 | NOTE | |
r-devel-linux-x86_64-fedora-clang | 1.0.5 | 356.48 | NOTE | |||
r-devel-linux-x86_64-fedora-gcc | 1.0.5 | 345.45 | NOTE | |||
r-devel-windows-x86_64 | 1.0.5 | 23.00 | 200.00 | 223.00 | NOTE | |
r-patched-linux-x86_64 | 1.0.5 | 20.40 | 195.98 | 216.38 | NOTE | |
r-release-linux-x86_64 | 1.0.5 | 18.37 | 199.68 | 218.05 | NOTE | |
r-release-macos-arm64 | 1.0.5 | 108.00 | NOTE | |||
r-release-macos-x86_64 | 1.0.5 | 193.00 | NOTE | |||
r-release-windows-x86_64 | 1.0.5 | 21.00 | 211.00 | 232.00 | NOTE | |
r-oldrel-macos-arm64 | 1.0.5 | 97.00 | NOTE | |||
r-oldrel-macos-x86_64 | 1.0.5 | 152.00 | NOTE | |||
r-oldrel-windows-x86_64 | 1.0.5 | 29.00 | 265.00 | 294.00 | NOTE |
Version: 1.0.5
Check: CRAN incoming feasibility
Result: NOTE
Maintainer: ‘Robrecht Cannoodt <rcannood@gmail.com>’
Package CITATION file contains call(s) to old-style citEntry(). Please
use bibentry() instead.
Flavors: r-devel-linux-x86_64-debian-clang, r-devel-linux-x86_64-debian-gcc
Version: 1.0.5
Check: Rd files
Result: NOTE
checkRd: (-1) generate_kinetics.Rd:57: Lost braces; missing escapes or markup?
57 | By default, sampled from {-1, 1} with probabilities {.25, .75}.
| ^
checkRd: (-1) generate_kinetics.Rd:57: Lost braces; missing escapes or markup?
57 | By default, sampled from {-1, 1} with probabilities {.25, .75}.
| ^
Flavors: r-devel-linux-x86_64-debian-clang, r-devel-linux-x86_64-debian-gcc, r-devel-linux-x86_64-fedora-clang, r-devel-linux-x86_64-fedora-gcc, r-devel-windows-x86_64, r-patched-linux-x86_64, r-release-linux-x86_64, r-release-macos-arm64, r-release-macos-x86_64, r-release-windows-x86_64, r-oldrel-macos-arm64, r-oldrel-macos-x86_64, r-oldrel-windows-x86_64