Last updated on 2025-07-19 14:48:25 CEST.
Flavor | Version | Tinstall | Tcheck | Ttotal | Status | Flags |
---|---|---|---|---|---|---|
r-devel-linux-x86_64-debian-clang | 0.1.3 | 15.66 | 50.85 | 66.51 | NOTE | |
r-devel-linux-x86_64-debian-gcc | 0.1.3 | 12.24 | 37.06 | 49.30 | NOTE | |
r-devel-linux-x86_64-fedora-clang | 0.1.3 | 106.10 | OK | |||
r-devel-linux-x86_64-fedora-gcc | 0.1.3 | 101.19 | OK | |||
r-devel-windows-x86_64 | 0.1.3 | 20.00 | 74.00 | 94.00 | OK | |
r-patched-linux-x86_64 | 0.1.3 | 17.53 | 45.89 | 63.42 | OK | |
r-release-linux-x86_64 | 0.1.3 | 16.22 | 46.25 | 62.47 | OK | |
r-release-macos-arm64 | 0.1.3 | 37.00 | OK | |||
r-release-macos-x86_64 | 0.1.3 | 68.00 | OK | |||
r-release-windows-x86_64 | 0.1.3 | 19.00 | 81.00 | 100.00 | OK | |
r-oldrel-macos-arm64 | 0.1.3 | 35.00 | OK | |||
r-oldrel-macos-x86_64 | 0.1.3 | 91.00 | OK | |||
r-oldrel-windows-x86_64 | 0.1.3 | 25.00 | 102.00 | 127.00 | OK |
Version: 0.1.3
Check: CRAN incoming feasibility
Result: NOTE
Maintainer: ‘Dirk Eddelbuettel <edd@debian.org>’
No Authors@R field in DESCRIPTION.
Please add one, modifying
Authors@R: c(person(given = "Dirk",
family = "Eddelbuettel",
role = c("aut", "cre"),
email = "edd@debian.org"),
person(given = "Leonardo",
family = "Silvestri",
role = "aut"))
as necessary.
Flavors: r-devel-linux-x86_64-debian-clang, r-devel-linux-x86_64-debian-gcc