Last updated on 2025-07-27 07:49:31 CEST.
Flavor | Version | Tinstall | Tcheck | Ttotal | Status | Flags |
---|---|---|---|---|---|---|
r-devel-linux-x86_64-debian-clang | 1.0.2 | 2.63 | 41.73 | 44.36 | OK | |
r-devel-linux-x86_64-debian-gcc | 1.0.2 | 2.14 | 31.89 | 34.03 | OK | |
r-devel-linux-x86_64-fedora-clang | 1.0.2 | 74.57 | OK | |||
r-devel-linux-x86_64-fedora-gcc | 1.0.2 | 703.41 | OK | |||
r-devel-windows-x86_64 | 1.0.2 | 5.00 | 82.00 | 87.00 | OK | |
r-patched-linux-x86_64 | 1.0.2 | 3.28 | 39.67 | 42.95 | OK | |
r-release-linux-x86_64 | 1.0.2 | 2.60 | 39.87 | 42.47 | OK | |
r-release-macos-arm64 | 1.0.2 | 397.00 | OK | |||
r-release-macos-x86_64 | 1.0.2 | 916.00 | OK | |||
r-release-windows-x86_64 | 1.0.2 | 4.00 | 68.00 | 72.00 | OK | |
r-oldrel-macos-arm64 | 1.0.2 | 228.00 | NOTE | |||
r-oldrel-macos-x86_64 | 1.0.2 | 518.00 | NOTE | |||
r-oldrel-windows-x86_64 | 1.0.2 | 6.00 | 78.00 | 84.00 | NOTE |
Version: 1.0.2
Check: package dependencies
Result: NOTE
Packages suggested but not available for checking: 'dsBase', 'dsBaseClient'
Flavors: r-oldrel-macos-arm64, r-oldrel-macos-x86_64
Version: 1.0.2
Check: package dependencies
Result: NOTE
Package suggested but not available for checking: 'dsBaseClient'
Flavor: r-oldrel-windows-x86_64