Last updated on 2025-07-15 17:50:06 CEST.
Flavor | Version | Tinstall | Tcheck | Ttotal | Status | Flags |
---|---|---|---|---|---|---|
r-devel-linux-x86_64-debian-clang | 1.0.1 | 11.28 | 94.25 | 105.53 | NOTE | |
r-devel-linux-x86_64-debian-gcc | 1.0.1 | 8.83 | 69.99 | 78.82 | NOTE | |
r-devel-linux-x86_64-fedora-clang | 1.0.1 | 162.13 | OK | |||
r-devel-linux-x86_64-fedora-gcc | 1.0.1 | 152.94 | OK | |||
r-devel-windows-x86_64 | 1.0.1 | 11.00 | 88.00 | 99.00 | OK | |
r-patched-linux-x86_64 | 1.0.1 | 11.13 | 85.28 | 96.41 | OK | |
r-release-linux-x86_64 | 1.0.1 | 9.64 | 86.39 | 96.03 | OK | |
r-release-macos-arm64 | 1.0.1 | 49.00 | OK | |||
r-release-macos-x86_64 | 1.0.1 | 81.00 | OK | |||
r-release-windows-x86_64 | 1.0.1 | 12.00 | 88.00 | 100.00 | OK | |
r-oldrel-macos-arm64 | 1.0.1 | 46.00 | OK | |||
r-oldrel-macos-x86_64 | 1.0.1 | 66.00 | OK | |||
r-oldrel-windows-x86_64 | 1.0.1 | 14.00 | 108.00 | 122.00 | OK |
Version: 1.0.1
Check: CRAN incoming feasibility
Result: NOTE
Maintainer: ‘Kubra Atalay Kabasakal <katalay@hacettepe.edu.tr>’
Package CITATION file contains call(s) to old-style citEntry(). Please
use bibentry() instead.
Flavors: r-devel-linux-x86_64-debian-clang, r-devel-linux-x86_64-debian-gcc