Last updated on 2025-07-16 23:49:13 CEST.
Flavor | Version | Tinstall | Tcheck | Ttotal | Status | Flags |
---|---|---|---|---|---|---|
r-devel-linux-x86_64-debian-clang | 0.4.2 | 130.41 | 267.88 | 398.29 | OK | |
r-devel-linux-x86_64-debian-gcc | 0.4.2 | 100.72 | 191.21 | 291.93 | OK | |
r-devel-linux-x86_64-fedora-clang | 0.4.2 | 651.92 | OK | |||
r-devel-linux-x86_64-fedora-gcc | 0.4.2 | 682.23 | OK | |||
r-devel-windows-x86_64 | 0.4.2 | 160.00 | 261.00 | 421.00 | OK | |
r-patched-linux-x86_64 | 0.4.2 | 141.55 | 253.16 | 394.71 | OK | |
r-release-linux-x86_64 | 0.4.2 | 142.95 | 252.72 | 395.67 | OK | |
r-release-macos-arm64 | 0.4.2 | 232.00 | OK | |||
r-release-macos-x86_64 | 0.4.2 | 333.00 | OK | |||
r-release-windows-x86_64 | 0.4.2 | 173.00 | 257.00 | 430.00 | OK | |
r-oldrel-macos-arm64 | 0.4.2 | 165.00 | NOTE | |||
r-oldrel-macos-x86_64 | 0.4.2 | 263.00 | NOTE | |||
r-oldrel-windows-x86_64 | 0.4.2 | 186.00 | 332.00 | 518.00 | NOTE |
Version: 0.4.2
Check: installed package size
Result: NOTE
installed size is 20.9Mb
sub-directories of 1Mb or more:
doc 6.7Mb
libs 13.5Mb
Flavors: r-oldrel-macos-arm64, r-oldrel-macos-x86_64, r-oldrel-windows-x86_64
Version: 0.4.2
Check: for GNU extensions in Makefiles
Result: NOTE
GNU make is a SystemRequirements.
Flavors: r-oldrel-macos-arm64, r-oldrel-macos-x86_64, r-oldrel-windows-x86_64