Last updated on 2025-07-01 11:49:17 CEST.
Flavor | Version | Tinstall | Tcheck | Ttotal | Status | Flags |
---|---|---|---|---|---|---|
r-devel-linux-x86_64-debian-clang | 0.0.5 | 5.15 | 51.72 | 56.87 | NOTE | |
r-devel-linux-x86_64-debian-gcc | 0.0.5 | 4.04 | 37.31 | 41.35 | NOTE | |
r-devel-linux-x86_64-fedora-clang | 0.0.5 | 87.03 | OK | |||
r-devel-linux-x86_64-fedora-gcc | 0.0.5 | 81.45 | OK | |||
r-devel-windows-x86_64 | 0.0.5 | 8.00 | 71.00 | 79.00 | OK | |
r-patched-linux-x86_64 | OK | |||||
r-release-linux-x86_64 | 0.0.5 | 4.04 | 46.49 | 50.53 | OK | |
r-release-macos-arm64 | 0.0.5 | 32.00 | OK | |||
r-release-macos-x86_64 | 0.0.5 | 49.00 | OK | |||
r-release-windows-x86_64 | 0.0.5 | 7.00 | 73.00 | 80.00 | OK | |
r-oldrel-macos-arm64 | 0.0.5 | 28.00 | OK | |||
r-oldrel-macos-x86_64 | 0.0.5 | 41.00 | OK | |||
r-oldrel-windows-x86_64 | 0.0.5 | 9.00 | 83.00 | 92.00 | OK |
Version: 0.0.5
Check: CRAN incoming feasibility
Result: NOTE
Maintainer: ‘Christopher T. Kenny <christopherkenny@fas.harvard.edu>’
Package CITATION file contains call(s) to old-style personList() or
as.personList(). Please use c() on person objects instead.
Package CITATION file contains call(s) to old-style citEntry(). Please
use bibentry() instead.
Flavors: r-devel-linux-x86_64-debian-clang, r-devel-linux-x86_64-debian-gcc