Last updated on 2025-10-16 22:50:20 CEST.
Flavor | Version | Tinstall | Tcheck | Ttotal | Status | Flags |
---|---|---|---|---|---|---|
r-devel-linux-x86_64-debian-clang | 0.3.1 | 9.44 | 68.01 | 77.45 | OK | |
r-devel-linux-x86_64-debian-gcc | 0.3.1 | 6.15 | 48.30 | 54.45 | OK | |
r-devel-linux-x86_64-fedora-clang | 0.3.1 | 120.37 | NOTE | |||
r-devel-linux-x86_64-fedora-gcc | 0.3.1 | 112.05 | NOTE | |||
r-devel-windows-x86_64 | 0.3.1 | 11.00 | 78.00 | 89.00 | OK | |
r-patched-linux-x86_64 | 0.3.1 | 9.13 | 64.72 | 73.85 | OK | |
r-release-linux-x86_64 | 0.3.1 | 9.61 | 63.82 | 73.43 | OK | |
r-release-macos-arm64 | 0.3.1 | 34.00 | OK | |||
r-release-macos-x86_64 | 0.3.1 | 56.00 | OK | |||
r-release-windows-x86_64 | 0.3.1 | 11.00 | 81.00 | 92.00 | OK | |
r-oldrel-macos-arm64 | 0.3.1 | 29.00 | OK | |||
r-oldrel-macos-x86_64 | 0.3.1 | 45.00 | OK | |||
r-oldrel-windows-x86_64 | 0.3.1 | 16.00 | 99.00 | 115.00 | OK |
Version: 0.3.1
Check: dependencies in R code
Result: NOTE
Namespaces in Imports field not imported from:
‘gridExtra’ ‘plotly’ ‘pryr’ ‘rpart’
All declared Imports should be used.
Flavors: r-devel-linux-x86_64-fedora-clang, r-devel-linux-x86_64-fedora-gcc