Last updated on 2025-07-12 16:48:24 CEST.
Flavor | Version | Tinstall | Tcheck | Ttotal | Status | Flags |
---|---|---|---|---|---|---|
r-devel-linux-x86_64-debian-clang | 0.8.3 | 21.41 | 131.00 | 152.41 | NOTE | |
r-devel-linux-x86_64-debian-gcc | 0.8.3 | 15.37 | 92.90 | 108.27 | NOTE | |
r-devel-linux-x86_64-fedora-clang | 0.8.3 | 244.77 | NOTE | |||
r-devel-linux-x86_64-fedora-gcc | 0.8.3 | 220.64 | NOTE | |||
r-devel-windows-x86_64 | 0.8.3 | 27.00 | 159.00 | 186.00 | NOTE | |
r-patched-linux-x86_64 | 0.8.3 | 23.61 | 123.86 | 147.47 | NOTE | |
r-release-linux-x86_64 | 0.8.3 | 20.82 | 121.21 | 142.03 | NOTE | |
r-release-macos-arm64 | 0.8.3 | 67.00 | NOTE | |||
r-release-macos-x86_64 | 0.8.3 | 121.00 | NOTE | |||
r-release-windows-x86_64 | 0.8.3 | 29.00 | 162.00 | 191.00 | NOTE | |
r-oldrel-macos-arm64 | 0.8.3 | 62.00 | NOTE | |||
r-oldrel-macos-x86_64 | 0.8.3 | 96.00 | NOTE | |||
r-oldrel-windows-x86_64 | 0.8.3 | 35.00 | 205.00 | 240.00 | NOTE |
Version: 0.8.3
Check: Rd files
Result: NOTE
checkRd: (-1) csv_to_disk.frame.Rd:56: Lost braces; missing escapes or markup?
56 | strings, and you are encouraged to use {fasttime} to convert the strings to
| ^
checkRd: (-1) purrr_as_mapper.Rd:10: Lost braces; missing escapes or markup?
10 | \item{.f}{a normal function or purrr syntax function i.e. `~{ ...code...}`}
| ^
Flavors: r-devel-linux-x86_64-debian-clang, r-devel-linux-x86_64-debian-gcc, r-devel-linux-x86_64-fedora-clang, r-devel-linux-x86_64-fedora-gcc, r-devel-windows-x86_64, r-patched-linux-x86_64, r-release-linux-x86_64, r-release-macos-arm64, r-release-macos-x86_64, r-release-windows-x86_64, r-oldrel-macos-arm64, r-oldrel-macos-x86_64, r-oldrel-windows-x86_64