Last updated on 2025-07-20 07:48:29 CEST.
Flavor | Version | Tinstall | Tcheck | Ttotal | Status | Flags |
---|---|---|---|---|---|---|
r-devel-linux-x86_64-debian-clang | 1.1.0 | 3.25 | 50.30 | 53.55 | NOTE | |
r-devel-linux-x86_64-debian-gcc | 1.1.0 | 2.21 | 38.72 | 40.93 | NOTE | |
r-devel-linux-x86_64-fedora-clang | 1.1.0 | 82.72 | NOTE | |||
r-devel-linux-x86_64-fedora-gcc | 1.1.0 | 90.92 | NOTE | |||
r-devel-windows-x86_64 | 1.1.0 | 5.00 | 68.00 | 73.00 | NOTE | |
r-patched-linux-x86_64 | 1.1.0 | 3.67 | 46.87 | 50.54 | NOTE | |
r-release-linux-x86_64 | 1.1.0 | 3.39 | 46.31 | 49.70 | NOTE | |
r-release-macos-arm64 | 1.1.0 | 36.00 | NOTE | |||
r-release-macos-x86_64 | 1.1.0 | 63.00 | NOTE | |||
r-release-windows-x86_64 | 1.1.0 | 5.00 | 68.00 | 73.00 | NOTE | |
r-oldrel-macos-arm64 | 1.1.0 | 34.00 | OK | |||
r-oldrel-macos-x86_64 | 1.1.0 | 50.00 | OK | |||
r-oldrel-windows-x86_64 | 1.1.0 | 6.00 | 79.00 | 85.00 | OK |
Version: 1.1.0
Check: DESCRIPTION meta-information
Result: NOTE
Missing dependency on R >= 4.1.0 because package code uses the pipe
|> or function shorthand \(...) syntax added in R 4.1.0.
File(s) using such syntax:
‘dilp_functions.R’
Flavors: r-devel-linux-x86_64-debian-clang, r-devel-linux-x86_64-debian-gcc, r-devel-linux-x86_64-fedora-clang, r-devel-linux-x86_64-fedora-gcc, r-devel-windows-x86_64, r-patched-linux-x86_64, r-release-linux-x86_64, r-release-macos-arm64, r-release-macos-x86_64, r-release-windows-x86_64