Last updated on 2025-07-17 19:51:36 CEST.
Flavor | Version | Tinstall | Tcheck | Ttotal | Status | Flags |
---|---|---|---|---|---|---|
r-devel-linux-x86_64-debian-clang | 1.2.0 | 34.52 | 41.36 | 75.88 | NOTE | |
r-devel-linux-x86_64-debian-gcc | 1.2.0 | 26.01 | 31.74 | 57.75 | NOTE | |
r-devel-linux-x86_64-fedora-clang | 1.2.0 | 128.87 | OK | |||
r-devel-linux-x86_64-fedora-gcc | 1.2.0 | 129.08 | OK | |||
r-devel-windows-x86_64 | 1.2.0 | 38.00 | 80.00 | 118.00 | OK | |
r-patched-linux-x86_64 | 1.2.0 | 37.65 | 39.44 | 77.09 | OK | |
r-release-linux-x86_64 | 1.2.0 | 37.09 | 39.40 | 76.49 | OK | |
r-release-macos-arm64 | 1.2.0 | 38.00 | OK | |||
r-release-macos-x86_64 | 1.2.0 | 58.00 | OK | |||
r-release-windows-x86_64 | 1.2.0 | 38.00 | 83.00 | 121.00 | OK | |
r-oldrel-macos-arm64 | 1.2.0 | 38.00 | OK | |||
r-oldrel-macos-x86_64 | 1.2.0 | 58.00 | OK | |||
r-oldrel-windows-x86_64 | 1.2.0 | 36.00 | 101.00 | 137.00 | OK |
Version: 1.2.0
Check: CRAN incoming feasibility
Result: NOTE
Maintainer: ‘Giovanna Capizzi <giovanna.capizzi@unipd.it>’
No Authors@R field in DESCRIPTION.
Please add one, modifying
Authors@R: c(person(given = "Giovanna",
family = "Capizzi",
role = c("aut", "cre"),
email = "giovanna.capizzi@unipd.it"),
person(given = "Guido",
family = "Masarotto",
role = "aut"))
as necessary.
Flavors: r-devel-linux-x86_64-debian-clang, r-devel-linux-x86_64-debian-gcc