Last updated on 2025-07-21 08:50:00 CEST.
Flavor | Version | Tinstall | Tcheck | Ttotal | Status | Flags |
---|---|---|---|---|---|---|
r-devel-linux-x86_64-debian-clang | 1.0-2.2 | 162.87 | 131.92 | 294.79 | NOTE | |
r-devel-linux-x86_64-debian-gcc | 1.0-2.2 | 141.64 | 105.14 | 246.78 | NOTE | |
r-devel-linux-x86_64-fedora-clang | 1.0-2.2 | 467.40 | OK | |||
r-devel-linux-x86_64-fedora-gcc | 1.0-2.2 | 533.08 | OK | |||
r-devel-windows-x86_64 | 1.0-2.2 | 189.00 | 164.00 | 353.00 | OK | |
r-patched-linux-x86_64 | 1.0-2.2 | 179.77 | 138.61 | 318.38 | OK | |
r-release-linux-x86_64 | 1.0-2.2 | 174.34 | 138.24 | 312.58 | OK | |
r-release-macos-arm64 | 1.0-2.2 | 123.00 | OK | |||
r-release-macos-x86_64 | 1.0-2.2 | 225.00 | OK | |||
r-release-windows-x86_64 | 1.0-2.2 | 186.00 | 170.00 | 356.00 | OK | |
r-oldrel-macos-arm64 | 1.0-2.2 | 77.00 | NOTE | |||
r-oldrel-macos-x86_64 | 1.0-2.2 | 121.00 | NOTE | |||
r-oldrel-windows-x86_64 | 1.0-2.2 | 217.00 | 211.00 | 428.00 | NOTE |
Version: 1.0-2.2
Check: CRAN incoming feasibility
Result: NOTE
Maintainer: ‘Matt P. Wand <matt.wand@uts.edu.au>’
The Description field contains
methodology is described in Wand and Yu (2020) <arXiv:2009.06182>.
Please refer to arXiv e-prints via their arXiv DOI <doi:10.48550/arXiv.YYMM.NNNNN>.
Flavors: r-devel-linux-x86_64-debian-clang, r-devel-linux-x86_64-debian-gcc
Version: 1.0-2.2
Check: installed package size
Result: NOTE
installed size is 44.6Mb
sub-directories of 1Mb or more:
doc 1.9Mb
libs 42.4Mb
Flavors: r-oldrel-macos-arm64, r-oldrel-macos-x86_64
Version: 1.0-2.2
Check: for GNU extensions in Makefiles
Result: NOTE
GNU make is a SystemRequirements.
Flavors: r-oldrel-macos-arm64, r-oldrel-macos-x86_64, r-oldrel-windows-x86_64