Last updated on 2025-07-15 17:50:06 CEST.
Flavor | Version | Tinstall | Tcheck | Ttotal | Status | Flags |
---|---|---|---|---|---|---|
r-devel-linux-x86_64-debian-clang | 1.19.0 | 12.92 | 398.67 | 411.59 | OK | |
r-devel-linux-x86_64-debian-gcc | 1.19.0 | 9.24 | 246.43 | 255.67 | OK | |
r-devel-linux-x86_64-fedora-clang | 1.19.1 | 645.28 | OK | |||
r-devel-linux-x86_64-fedora-gcc | 1.19.1 | 655.78 | OK | |||
r-devel-windows-x86_64 | 1.19.0 | 15.00 | 403.00 | 418.00 | OK | |
r-patched-linux-x86_64 | 1.19.0 | 15.33 | 373.23 | 388.56 | OK | |
r-release-linux-x86_64 | 1.19.0 | 12.95 | 371.60 | 384.55 | OK | |
r-release-macos-arm64 | 1.19.0 | 174.00 | OK | |||
r-release-macos-x86_64 | 1.19.1 | 327.00 | OK | |||
r-release-windows-x86_64 | 1.19.0 | 16.00 | 404.00 | 420.00 | OK | |
r-oldrel-macos-arm64 | 1.19.0 | 286.00 | NOTE | |||
r-oldrel-macos-x86_64 | 1.19.1 | 342.00 | NOTE | |||
r-oldrel-windows-x86_64 | 1.19.0 | 22.00 | 535.00 | 557.00 | NOTE |
Version: 1.19.0
Check: installed package size
Result: NOTE
installed size is 6.9Mb
sub-directories of 1Mb or more:
doc 5.8Mb
Flavors: r-oldrel-macos-arm64, r-oldrel-windows-x86_64
Version: 1.19.1
Check: installed package size
Result: NOTE
installed size is 6.9Mb
sub-directories of 1Mb or more:
doc 5.8Mb
Flavor: r-oldrel-macos-x86_64