Last updated on 2025-10-17 04:48:39 CEST.
Flavor | Version | Tinstall | Tcheck | Ttotal | Status | Flags |
---|---|---|---|---|---|---|
r-devel-linux-x86_64-debian-clang | 1.1.4 | 41.79 | 111.71 | 153.50 | OK | |
r-devel-linux-x86_64-debian-gcc | 1.1.5 | 33.29 | 80.76 | 114.05 | OK | |
r-devel-linux-x86_64-fedora-clang | 1.1.5 | 245.30 | OK | |||
r-devel-linux-x86_64-fedora-gcc | 1.1.5 | 238.83 | OK | |||
r-devel-windows-x86_64 | 1.1.4 | 47.00 | 149.00 | 196.00 | OK | |
r-patched-linux-x86_64 | 1.1.4 | 42.66 | 106.76 | 149.42 | OK | |
r-release-linux-x86_64 | 1.1.4 | 37.67 | 106.02 | 143.69 | OK | |
r-release-macos-arm64 | 1.1.5 | 72.00 | OK | |||
r-release-macos-x86_64 | 1.1.5 | 166.00 | OK | |||
r-release-windows-x86_64 | 1.1.5 | 49.00 | 154.00 | 203.00 | OK | |
r-oldrel-macos-arm64 | 1.1.5 | 112.00 | NOTE | |||
r-oldrel-macos-x86_64 | 1.1.5 | 152.00 | NOTE | |||
r-oldrel-windows-x86_64 | 1.1.4 | 62.00 | 188.00 | 250.00 | NOTE |
Version: 1.1.5
Check: installed package size
Result: NOTE
installed size is 5.8Mb
sub-directories of 1Mb or more:
data 5.3Mb
Flavors: r-oldrel-macos-arm64, r-oldrel-macos-x86_64
Version: 1.1.4
Check: installed package size
Result: NOTE
installed size is 5.2Mb
sub-directories of 1Mb or more:
data 4.7Mb
Flavor: r-oldrel-windows-x86_64