CRAN Package Check Results for Package cowbell

Last updated on 2025-07-19 19:49:42 CEST.

Flavor Version Tinstall Tcheck Ttotal Status Flags
r-devel-linux-x86_64-debian-clang 0.1.0 2.38 59.22 61.60 OK
r-devel-linux-x86_64-debian-gcc 0.1.0 1.74 39.38 41.12 OK
r-devel-linux-x86_64-fedora-clang 0.1.0 89.31 NOTE
r-devel-linux-x86_64-fedora-gcc 0.1.0 94.61 NOTE
r-devel-windows-x86_64 0.1.0 4.00 72.00 76.00 OK
r-patched-linux-x86_64 0.1.0 2.20 53.40 55.60 OK
r-release-linux-x86_64 0.1.0 2.12 53.24 55.36 OK
r-release-macos-arm64 0.1.0 49.00 OK
r-release-macos-x86_64 0.1.0 70.00 OK
r-release-windows-x86_64 0.1.0 5.00 72.00 77.00 OK
r-oldrel-macos-arm64 0.1.0 39.00 OK
r-oldrel-macos-x86_64 0.1.0 57.00 OK
r-oldrel-windows-x86_64 0.1.0 5.00 85.00 90.00 OK

Check Details

Version: 0.1.0
Check: dependencies in R code
Result: NOTE Namespaces in Imports field not imported from: ‘ggplot2’ ‘misc3d’ All declared Imports should be used. Flavors: r-devel-linux-x86_64-fedora-clang, r-devel-linux-x86_64-fedora-gcc