Last updated on 2025-07-19 19:49:42 CEST.
Flavor | Version | Tinstall | Tcheck | Ttotal | Status | Flags |
---|---|---|---|---|---|---|
r-devel-linux-x86_64-debian-clang | 1.4.1 | 33.06 | 138.21 | 171.27 | NOTE | |
r-devel-linux-x86_64-debian-gcc | 1.4.1 | 23.75 | 100.75 | 124.50 | NOTE | |
r-devel-linux-x86_64-fedora-clang | 1.4.1 | 266.19 | OK | |||
r-devel-linux-x86_64-fedora-gcc | 1.4.1 | 274.58 | OK | |||
r-devel-windows-x86_64 | 1.4.1 | 40.00 | 173.00 | 213.00 | NOTE | |
r-patched-linux-x86_64 | 1.4.1 | 35.68 | 130.78 | 166.46 | NOTE | |
r-release-linux-x86_64 | 1.4.1 | 34.52 | 130.75 | 165.27 | NOTE | |
r-release-macos-arm64 | 1.4.1 | 77.00 | OK | |||
r-release-macos-x86_64 | 1.4.1 | 175.00 | OK | |||
r-release-windows-x86_64 | 1.4.1 | 35.00 | 173.00 | 208.00 | NOTE | |
r-oldrel-macos-arm64 | 1.4.1 | 84.00 | NOTE | |||
r-oldrel-macos-x86_64 | 1.4.1 | 187.00 | NOTE | |||
r-oldrel-windows-x86_64 | 1.4.1 | 45.00 | 213.00 | 258.00 | NOTE |
Version: 1.4.1
Check: Rd cross-references
Result: NOTE
Found the following Rd file(s) with Rd \link{} targets missing package
anchors:
cophe.prepare.dat.susie.Rd: runsusie
cophe.susie.Rd: check_dataset, runsusie
cophe.susie.lbf.Rd: runsusie
cophe_heatmap.Rd: pheatmap
Please provide package anchors for all Rd \link{} targets not in the
package itself and the base packages.
Flavors: r-devel-linux-x86_64-debian-clang, r-devel-linux-x86_64-debian-gcc, r-devel-windows-x86_64, r-patched-linux-x86_64, r-release-linux-x86_64, r-release-windows-x86_64
Version: 1.4.1
Check: installed package size
Result: NOTE
installed size is 6.1Mb
sub-directories of 1Mb or more:
data 3.5Mb
libs 2.1Mb
Flavors: r-oldrel-macos-arm64, r-oldrel-macos-x86_64, r-oldrel-windows-x86_64