Last updated on 2025-10-18 10:49:41 CEST.
Flavor | Version | Tinstall | Tcheck | Ttotal | Status | Flags |
---|---|---|---|---|---|---|
r-devel-linux-x86_64-debian-clang | 1.21 | 26.31 | 34.22 | 60.53 | OK | |
r-devel-linux-x86_64-debian-gcc | 1.21 | 20.95 | 26.57 | 47.52 | OK | |
r-devel-linux-x86_64-fedora-clang | 1.21 | 95.41 | OK | |||
r-devel-linux-x86_64-fedora-gcc | 1.21 | 104.96 | OK | |||
r-devel-windows-x86_64 | 1.21 | 34.00 | 69.00 | 103.00 | OK | |
r-patched-linux-x86_64 | 1.21 | 29.22 | 32.48 | 61.70 | OK | |
r-release-linux-x86_64 | 1.20 | 24.66 | 33.25 | 57.91 | OK | |
r-release-macos-arm64 | 1.21 | 62.00 | OK | |||
r-release-macos-x86_64 | 1.21 | 93.00 | OK | |||
r-release-windows-x86_64 | 1.21 | 35.00 | 74.00 | 109.00 | OK | |
r-oldrel-macos-arm64 | 1.21 | 30.00 | ERROR | |||
r-oldrel-macos-x86_64 | 1.21 | 29.00 | ERROR | |||
r-oldrel-windows-x86_64 | 1.21 | 35.00 | 9.00 | 44.00 | ERROR |
Version: 1.21
Check: package dependencies
Result: ERROR
Package required and available but unsuitable version: ‘methods’
See section ‘The DESCRIPTION file’ in the ‘Writing R Extensions’
manual.
Flavors: r-oldrel-macos-arm64, r-oldrel-macos-x86_64, r-oldrel-windows-x86_64