Last updated on 2025-07-03 13:48:31 CEST.
Flavor | Version | Tinstall | Tcheck | Ttotal | Status | Flags |
---|---|---|---|---|---|---|
r-devel-linux-x86_64-debian-clang | 1.4.3 | 11.45 | 273.83 | 285.28 | NOTE | |
r-devel-linux-x86_64-debian-gcc | 1.4.3 | 7.61 | 196.68 | 204.29 | NOTE | |
r-devel-linux-x86_64-fedora-clang | 1.4.3 | 454.62 | OK | |||
r-devel-linux-x86_64-fedora-gcc | 1.4.3 | 473.95 | OK | |||
r-devel-windows-x86_64 | 1.4.3 | 13.00 | 243.00 | 256.00 | OK | |
r-patched-linux-x86_64 | 1.4.3 | 11.94 | 258.23 | 270.17 | OK | |
r-release-linux-x86_64 | 1.4.3 | 10.88 | 259.18 | 270.06 | OK | |
r-release-macos-arm64 | 1.4.3 | 126.00 | OK | |||
r-release-macos-x86_64 | 1.4.3 | 335.00 | OK | |||
r-release-windows-x86_64 | 1.4.3 | 13.00 | 244.00 | 257.00 | OK | |
r-oldrel-macos-arm64 | 1.4.3 | 125.00 | OK | |||
r-oldrel-macos-x86_64 | 1.4.3 | 228.00 | OK | |||
r-oldrel-windows-x86_64 | 1.4.3 | 16.00 | 332.00 | 348.00 | OK |
Version: 1.4.3
Check: CRAN incoming feasibility
Result: NOTE
Maintainer: ‘Pedro L. Rodriguez <pedro.rodriguezsosa@gmail.com>’
The Description field contains
approach developed by Khodak et al. (2018) <arXiv:1805.05388> and
Please refer to arXiv e-prints via their arXiv DOI <doi:10.48550/arXiv.YYMM.NNNNN>.
Flavors: r-devel-linux-x86_64-debian-clang, r-devel-linux-x86_64-debian-gcc