Last updated on 2025-07-17 05:49:45 CEST.
Flavor | Version | Tinstall | Tcheck | Ttotal | Status | Flags |
---|---|---|---|---|---|---|
r-devel-linux-x86_64-debian-clang | 0.2-3 | 2.37 | 34.63 | 37.00 | NOTE | |
r-devel-linux-x86_64-debian-gcc | 0.2-3 | 1.60 | 28.03 | 29.63 | NOTE | |
r-devel-linux-x86_64-fedora-clang | 0.2-3 | 57.94 | OK | |||
r-devel-linux-x86_64-fedora-gcc | 0.2-3 | 69.81 | OK | |||
r-devel-windows-x86_64 | 0.2-3 | 4.00 | 73.00 | 77.00 | OK | |
r-patched-linux-x86_64 | 0.2-3 | 2.54 | 32.43 | 34.97 | OK | |
r-release-linux-x86_64 | 0.2-3 | 2.23 | 32.33 | 34.56 | OK | |
r-release-macos-arm64 | 0.2-3 | 30.00 | OK | |||
r-release-macos-x86_64 | 0.2-3 | 56.00 | OK | |||
r-release-windows-x86_64 | 0.2-3 | 4.00 | 73.00 | 77.00 | OK | |
r-oldrel-macos-arm64 | 0.2-3 | 34.00 | OK | |||
r-oldrel-macos-x86_64 | 0.2-3 | 72.00 | OK | |||
r-oldrel-windows-x86_64 | 0.2-3 | 5.00 | 77.00 | 82.00 | OK |
Version: 0.2-3
Check: CRAN incoming feasibility
Result: NOTE
Maintainer: ‘Gavin L. Simpson <ucfagls@gmail.com>’
Package CITATION file contains call(s) to old-style personList() or
as.personList(). Please use c() on person objects instead.
Package CITATION file contains call(s) to old-style citEntry(). Please
use bibentry() instead.
Flavors: r-devel-linux-x86_64-debian-clang, r-devel-linux-x86_64-debian-gcc