CRAN Package Check Results for Package codalm

Last updated on 2025-07-27 13:49:30 CEST.

Flavor Version Tinstall Tcheck Ttotal Status Flags
r-devel-linux-x86_64-debian-clang 0.1.2 2.00 51.82 53.82 NOTE
r-devel-linux-x86_64-debian-gcc 0.1.2 1.74 35.66 37.40 NOTE
r-devel-linux-x86_64-fedora-clang 0.1.2 83.10 NOTE
r-devel-linux-x86_64-fedora-gcc 0.1.2 95.50 NOTE
r-devel-windows-x86_64 0.1.2 4.00 65.00 69.00 NOTE
r-patched-linux-x86_64 0.1.2 2.34 47.32 49.66 NOTE
r-release-linux-x86_64 0.1.2 2.12 48.15 50.27 NOTE
r-release-macos-arm64 0.1.2 38.00 NOTE
r-release-macos-x86_64 0.1.2 70.00 NOTE
r-release-windows-x86_64 0.1.2 3.00 66.00 69.00 NOTE
r-oldrel-macos-arm64 0.1.2 32.00 NOTE
r-oldrel-macos-x86_64 0.1.2 48.00 NOTE
r-oldrel-windows-x86_64 0.1.2 4.00 78.00 82.00 NOTE

Check Details

Version: 0.1.2
Check: Rd files
Result: NOTE checkRd: (-1) educFM.Rd:22: Lost braces in \itemize; meant \describe ? checkRd: (-1) educFM.Rd:23: Lost braces in \itemize; meant \describe ? checkRd: (-1) educFM.Rd:24: Lost braces in \itemize; meant \describe ? checkRd: (-1) educFM.Rd:25: Lost braces in \itemize; meant \describe ? checkRd: (-1) educFM.Rd:26: Lost braces in \itemize; meant \describe ? checkRd: (-1) educFM.Rd:27: Lost braces in \itemize; meant \describe ? checkRd: (-1) educFM.Rd:28: Lost braces in \itemize; meant \describe ? Flavors: r-devel-linux-x86_64-debian-clang, r-devel-linux-x86_64-debian-gcc, r-devel-linux-x86_64-fedora-clang, r-devel-linux-x86_64-fedora-gcc, r-devel-windows-x86_64, r-patched-linux-x86_64, r-release-linux-x86_64, r-release-macos-arm64, r-release-macos-x86_64, r-release-windows-x86_64, r-oldrel-macos-arm64, r-oldrel-macos-x86_64, r-oldrel-windows-x86_64