CRAN Package Check Results for Package cocktailApp

Last updated on 2025-11-06 03:48:34 CET.

Flavor Version Tinstall Tcheck Ttotal Status Flags
r-devel-linux-x86_64-debian-clang 0.2.3 0.33 2.81 3.14 ERROR
r-devel-linux-x86_64-debian-gcc 0.2.3 0.31 2.40 2.71 ERROR
r-devel-linux-x86_64-fedora-clang 0.2.3 2.82 ERROR
r-devel-linux-x86_64-fedora-gcc 0.2.4 71.00 117.60 188.60 OK
r-devel-windows-x86_64 0.2.3 4.00 6.00 10.00 ERROR
r-patched-linux-x86_64 0.2.3 0.33 1.89 2.22 ERROR
r-release-linux-x86_64 0.2.3 0.36 1.85 2.21 ERROR
r-release-macos-arm64 0.2.4 4.00 49.00 53.00 OK
r-release-macos-x86_64 0.2.4 7.00 103.00 110.00 OK
r-release-windows-x86_64 0.2.3 4.00 5.00 9.00 ERROR
r-oldrel-macos-arm64 0.2.3 3.00 50.00 53.00 OK
r-oldrel-macos-x86_64 0.2.4 7.00 135.00 142.00 OK
r-oldrel-windows-x86_64 0.2.3 5.00 9.00 14.00 ERROR

Check Details

Version: 0.2.3
Check: package dependencies
Result: ERROR Package required but not available: ‘ggtern’ See section ‘The DESCRIPTION file’ in the ‘Writing R Extensions’ manual. Flavors: r-devel-linux-x86_64-debian-clang, r-devel-linux-x86_64-debian-gcc, r-devel-linux-x86_64-fedora-clang, r-patched-linux-x86_64, r-release-linux-x86_64

Version: 0.2.3
Check: whether package can be installed
Result: ERROR Installation failed. Flavors: r-devel-windows-x86_64, r-release-windows-x86_64, r-oldrel-windows-x86_64