Last updated on 2025-07-15 11:49:22 CEST.
Flavor | Version | Tinstall | Tcheck | Ttotal | Status | Flags |
---|---|---|---|---|---|---|
r-devel-linux-x86_64-debian-clang | 0.4.0 | 53.82 | 140.75 | 194.57 | OK | |
r-devel-linux-x86_64-debian-gcc | 0.4.0 | 41.64 | 100.67 | 142.31 | OK | |
r-devel-linux-x86_64-fedora-clang | 0.4.0 | 339.13 | OK | |||
r-devel-linux-x86_64-fedora-gcc | 0.4.0 | 347.26 | OK | |||
r-devel-windows-x86_64 | 0.4.0 | 68.00 | 248.00 | 316.00 | OK | |
r-patched-linux-x86_64 | 0.4.0 | 56.71 | 133.23 | 189.94 | OK | |
r-release-linux-x86_64 | 0.4.0 | 61.45 | 131.63 | 193.08 | OK | |
r-release-macos-arm64 | 0.4.0 | 115.00 | OK | |||
r-release-macos-x86_64 | 0.4.0 | 164.00 | OK | |||
r-release-windows-x86_64 | 0.4.0 | 68.00 | 242.00 | 310.00 | OK | |
r-oldrel-macos-arm64 | 0.4.0 | 102.00 | NOTE | |||
r-oldrel-macos-x86_64 | 0.4.0 | 130.00 | NOTE | |||
r-oldrel-windows-x86_64 | 0.4.0 | 81.00 | 265.00 | 346.00 | OK |
Version: 0.4.0
Check: installed package size
Result: NOTE
installed size is 10.1Mb
sub-directories of 1Mb or more:
libs 9.2Mb
Flavors: r-oldrel-macos-arm64, r-oldrel-macos-x86_64