Last updated on 2025-07-17 05:49:44 CEST.
Flavor | Version | Tinstall | Tcheck | Ttotal | Status | Flags |
---|---|---|---|---|---|---|
r-devel-linux-x86_64-debian-clang | 0.10.0 | 7.75 | 218.10 | 225.85 | NOTE | |
r-devel-linux-x86_64-debian-gcc | 0.10.0 | 5.37 | 150.96 | 156.33 | NOTE | |
r-devel-linux-x86_64-fedora-clang | 0.10.0 | 373.81 | NOTE | |||
r-devel-linux-x86_64-fedora-gcc | 0.10.0 | 396.31 | NOTE | |||
r-devel-windows-x86_64 | 0.10.0 | 11.00 | 182.00 | 193.00 | NOTE | |
r-patched-linux-x86_64 | 0.10.0 | 9.80 | 215.35 | 225.15 | NOTE | |
r-release-linux-x86_64 | 0.10.0 | 6.96 | 217.89 | 224.85 | NOTE | |
r-release-macos-arm64 | 0.10.0 | 84.00 | NOTE | |||
r-release-macos-x86_64 | 0.10.0 | 166.00 | NOTE | |||
r-release-windows-x86_64 | 0.10.0 | 10.00 | 185.00 | 195.00 | NOTE | |
r-oldrel-macos-arm64 | 0.10.0 | 91.00 | OK | |||
r-oldrel-macos-x86_64 | 0.10.0 | 165.00 | OK | |||
r-oldrel-windows-x86_64 | 0.10.0 | 12.00 | 242.00 | 254.00 | OK |
Version: 0.10.0
Check: DESCRIPTION meta-information
Result: NOTE
Missing dependency on R >= 4.1.0 because package code uses the pipe
|> or function shorthand \(...) syntax added in R 4.1.0.
File(s) using such syntax:
‘basis.R’
Flavors: r-devel-linux-x86_64-debian-clang, r-devel-linux-x86_64-debian-gcc, r-devel-linux-x86_64-fedora-clang, r-devel-linux-x86_64-fedora-gcc, r-devel-windows-x86_64, r-patched-linux-x86_64, r-release-linux-x86_64, r-release-macos-arm64, r-release-macos-x86_64, r-release-windows-x86_64