CRAN Package Check Results for Package clv

Last updated on 2025-07-16 11:50:35 CEST.

Flavor Version Tinstall Tcheck Ttotal Status Flags
r-devel-linux-x86_64-debian-clang 0.3-2.5 6.70 32.67 39.37 OK
r-devel-linux-x86_64-debian-gcc 0.3-2.5 4.83 24.64 29.47 OK
r-devel-linux-x86_64-fedora-clang 0.3-2.5 58.07 NOTE
r-devel-linux-x86_64-fedora-gcc 0.3-2.5 60.44 NOTE
r-devel-windows-x86_64 0.3-2.5 16.00 61.00 77.00 OK
r-patched-linux-x86_64 0.3-2.4 6.68 29.28 35.96 NOTE
r-release-linux-x86_64 0.3-2.5 6.22 29.63 35.85 OK
r-release-macos-arm64 0.3-2.5 48.00 OK
r-release-macos-x86_64 0.3-2.5 71.00 OK
r-release-windows-x86_64 0.3-2.5 12.00 62.00 74.00 OK
r-oldrel-macos-arm64 0.3-2.5 46.00 OK
r-oldrel-macos-x86_64 0.3-2.5 64.00 OK
r-oldrel-windows-x86_64 0.3-2.5 16.00 61.00 77.00 OK

Check Details

Version: 0.3-2.5
Check: compiled code
Result: NOTE File ‘clv/libs/clv.so’: Found no calls to: ‘R_registerRoutines’, ‘R_useDynamicSymbols’ It is good practice to register native routines and to disable symbol search. See ‘Writing portable packages’ in the ‘Writing R Extensions’ manual. Flavors: r-devel-linux-x86_64-fedora-clang, r-devel-linux-x86_64-fedora-gcc

Version: 0.3-2.4
Check: Rd cross-references
Result: NOTE Found the following Rd file(s) with Rd \link{} targets missing package anchors: cluster_stability.Rd: agnes Please provide package anchors for all Rd \link{} targets not in the package itself and the base packages. Flavor: r-patched-linux-x86_64