Last updated on 2025-07-15 23:51:16 CEST.
Flavor | Version | Tinstall | Tcheck | Ttotal | Status | Flags |
---|---|---|---|---|---|---|
r-devel-linux-x86_64-debian-clang | 0.9.1 | 5.18 | 65.47 | 70.65 | OK | |
r-devel-linux-x86_64-debian-gcc | 0.9.1 | 4.18 | 47.12 | 51.30 | OK | |
r-devel-linux-x86_64-fedora-clang | 0.9.1 | 111.72 | OK | |||
r-devel-linux-x86_64-fedora-gcc | 0.9.1 | 121.08 | OK | |||
r-devel-windows-x86_64 | 0.9.1 | 7.00 | 87.00 | 94.00 | OK | |
r-patched-linux-x86_64 | 0.9.1 | 7.26 | 63.05 | 70.31 | OK | |
r-release-linux-x86_64 | 0.9.1 | 5.13 | 60.83 | 65.96 | OK | |
r-release-macos-arm64 | 0.9.1 | 41.00 | OK | |||
r-release-macos-x86_64 | 0.9.1 | 114.00 | OK | |||
r-release-windows-x86_64 | 0.9.1 | 8.00 | 91.00 | 99.00 | OK | |
r-oldrel-macos-arm64 | 0.9.1 | 48.00 | NOTE | |||
r-oldrel-macos-x86_64 | 0.9.1 | 93.00 | NOTE | |||
r-oldrel-windows-x86_64 | 0.9.1 | 9.00 | 114.00 | 123.00 | NOTE |
Version: 0.9.1
Check: installed package size
Result: NOTE
installed size is 5.7Mb
sub-directories of 1Mb or more:
doc 4.4Mb
Flavors: r-oldrel-macos-arm64, r-oldrel-macos-x86_64, r-oldrel-windows-x86_64