Last updated on 2025-07-27 01:48:18 CEST.
Flavor | Version | Tinstall | Tcheck | Ttotal | Status | Flags |
---|---|---|---|---|---|---|
r-devel-linux-x86_64-debian-clang | 0.0.1 | 1.59 | 27.71 | 29.30 | OK | |
r-devel-linux-x86_64-debian-gcc | 0.0.1 | 1.29 | 23.22 | 24.51 | OK | |
r-devel-linux-x86_64-fedora-clang | 0.0.1 | 45.24 | OK | |||
r-devel-linux-x86_64-fedora-gcc | 0.0.1 | 58.26 | OK | |||
r-devel-windows-x86_64 | 0.0.1 | 3.00 | 60.00 | 63.00 | OK | |
r-patched-linux-x86_64 | 0.0.1 | 1.78 | 25.36 | 27.14 | OK | |
r-release-linux-x86_64 | 0.0.1 | 1.22 | 25.35 | 26.57 | OK | |
r-release-macos-arm64 | 0.0.1 | 37.00 | OK | |||
r-release-macos-x86_64 | 0.0.1 | 49.00 | OK | |||
r-release-windows-x86_64 | 0.0.1 | 2.00 | 48.00 | 50.00 | OK | |
r-oldrel-macos-arm64 | 0.0.1 | 27.00 | NOTE | |||
r-oldrel-macos-x86_64 | 0.0.1 | 37.00 | NOTE | |||
r-oldrel-windows-x86_64 | 0.0.1 | 3.00 | 54.00 | 57.00 | NOTE |
Version: 0.0.1
Check: LazyData
Result: NOTE
'LazyData' is specified without a 'data' directory
Flavors: r-oldrel-macos-arm64, r-oldrel-macos-x86_64, r-oldrel-windows-x86_64