CRAN Package Check Results for Package cats

Last updated on 2025-07-21 08:49:59 CEST.

Flavor Version Tinstall Tcheck Ttotal Status Flags
r-devel-linux-x86_64-debian-clang 1.0.2 4.64 36.20 40.84 OK
r-devel-linux-x86_64-debian-gcc 1.0.2 1.89 26.17 28.06 OK
r-devel-linux-x86_64-fedora-clang 1.0.2 61.65 NOTE
r-devel-linux-x86_64-fedora-gcc 1.0.2 57.19 NOTE
r-devel-windows-x86_64 1.0.2 5.00 51.00 56.00 OK
r-patched-linux-x86_64 1.0.2 3.25 32.91 36.16 OK
r-release-linux-x86_64 1.0.2 2.80 32.78 35.58 OK
r-release-macos-arm64 1.0.2 21.00 OK
r-release-macos-x86_64 1.0.2 40.00 OK
r-release-windows-x86_64 1.0.2 5.00 50.00 55.00 OK
r-oldrel-macos-arm64 1.0.2 21.00 OK
r-oldrel-macos-x86_64 1.0.2 41.00 OK
r-oldrel-windows-x86_64 1.0.2 6.00 64.00 70.00 OK

Check Details

Version: 1.0.2
Check: dependencies in R code
Result: NOTE Namespaces in Imports field not imported from: ‘epitools’ ‘forcats’ ‘purrr’ All declared Imports should be used. Flavors: r-devel-linux-x86_64-fedora-clang, r-devel-linux-x86_64-fedora-gcc