Last updated on 2025-07-20 01:49:24 CEST.
Flavor | Version | Tinstall | Tcheck | Ttotal | Status | Flags |
---|---|---|---|---|---|---|
r-devel-linux-x86_64-debian-clang | 1.8.3 | 120.58 | 171.10 | 291.68 | OK | |
r-devel-linux-x86_64-debian-gcc | 1.8.3 | 93.83 | 115.14 | 208.97 | OK | |
r-devel-linux-x86_64-fedora-clang | 1.8.3 | 444.41 | OK | |||
r-devel-linux-x86_64-fedora-gcc | 1.8.3 | 531.94 | OK | |||
r-devel-windows-x86_64 | 1.8.3 | 118.00 | 225.00 | 343.00 | OK | |
r-patched-linux-x86_64 | 1.8.3 | 142.81 | 164.69 | 307.50 | OK | |
r-release-linux-x86_64 | 1.8.3 | 135.34 | 165.75 | 301.09 | OK | |
r-release-macos-arm64 | 1.8.3 | 117.00 | OK | |||
r-release-macos-x86_64 | 1.8.3 | 296.00 | OK | |||
r-release-windows-x86_64 | 1.8.3 | 117.00 | 219.00 | 336.00 | OK | |
r-oldrel-macos-arm64 | 1.8.3 | 245.00 | NOTE | |||
r-oldrel-macos-x86_64 | 1.8.3 | 301.00 | NOTE | |||
r-oldrel-windows-x86_64 | 1.8.3 | 144.00 | 280.00 | 424.00 | OK |
Version: 1.8.3
Check: installed package size
Result: NOTE
installed size is 22.3Mb
sub-directories of 1Mb or more:
R 1.1Mb
libs 20.3Mb
Flavors: r-oldrel-macos-arm64, r-oldrel-macos-x86_64