CRAN Package Check Results for Package caret

Last updated on 2025-07-20 07:48:27 CEST.

Flavor Version Tinstall Tcheck Ttotal Status Flags
r-devel-linux-x86_64-debian-clang 7.0-1 38.96 374.86 413.82 OK
r-devel-linux-x86_64-debian-gcc 7.0-1 26.77 245.60 272.37 OK
r-devel-linux-x86_64-fedora-clang 7.0-1 639.14 OK
r-devel-linux-x86_64-fedora-gcc 7.0-1 624.81 OK
r-devel-windows-x86_64 7.0-1 39.00 339.00 378.00 OK --no-vignettes
r-patched-linux-x86_64 7.0-1 35.65 351.74 387.39 OK
r-release-linux-x86_64 7.0-1 37.59 351.62 389.21 OK
r-release-macos-arm64 7.0-1 152.00 OK
r-release-macos-x86_64 7.0-1 317.00 ERROR
r-release-windows-x86_64 7.0-1 35.00 342.00 377.00 OK --no-vignettes
r-oldrel-macos-arm64 7.0-1 145.00 OK
r-oldrel-macos-x86_64 7.0-1 418.00 OK
r-oldrel-windows-x86_64 7.0-1 52.00 395.00 447.00 OK --no-vignettes

Check Details

Version: 7.0-1
Check: re-building of vignette outputs
Result: ERROR Error(s) in re-building vignettes: --- re-building ‘caret.Rmd’ using rmarkdown Quitting from lines 11-41 [loadLibs] (caret.Rmd) Error: processing vignette 'caret.Rmd' failed with diagnostics: there is no package called 'klaR' --- failed re-building ‘caret.Rmd’ SUMMARY: processing the following file failed: ‘caret.Rmd’ Error: Vignette re-building failed. Execution halted Flavor: r-release-macos-x86_64