Last updated on 2025-07-22 16:49:30 CEST.
Flavor | Version | Tinstall | Tcheck | Ttotal | Status | Flags |
---|---|---|---|---|---|---|
r-devel-linux-x86_64-debian-clang | 0.5.7 | 5.74 | 72.16 | 77.90 | NOTE | |
r-devel-linux-x86_64-debian-gcc | 0.5.7 | 4.14 | 54.39 | 58.53 | NOTE | |
r-devel-linux-x86_64-fedora-clang | 0.5.7 | 120.57 | NOTE | |||
r-devel-linux-x86_64-fedora-gcc | 0.5.7 | 128.32 | NOTE | |||
r-devel-windows-x86_64 | 0.5.7 | 8.00 | 106.00 | 114.00 | NOTE | |
r-patched-linux-x86_64 | 0.5.7 | 6.23 | 67.30 | 73.53 | NOTE | |
r-release-linux-x86_64 | 0.5.7 | 5.59 | 66.94 | 72.53 | NOTE | |
r-release-macos-arm64 | 0.5.7 | 76.00 | NOTE | |||
r-release-macos-x86_64 | 0.5.7 | 97.00 | NOTE | |||
r-release-windows-x86_64 | 0.5.7 | 8.00 | 105.00 | 113.00 | NOTE | |
r-oldrel-macos-arm64 | 0.5.7 | 62.00 | OK | |||
r-oldrel-macos-x86_64 | 0.5.7 | 80.00 | OK | |||
r-oldrel-windows-x86_64 | 0.5.7 | 10.00 | 129.00 | 139.00 | OK |
Version: 0.5.7
Check: DESCRIPTION meta-information
Result: NOTE
Missing dependency on R >= 4.1.0 because package code uses the pipe
|> or function shorthand \(...) syntax added in R 4.1.0.
File(s) using such syntax:
‘wds.R’
Flavors: r-devel-linux-x86_64-debian-clang, r-devel-linux-x86_64-debian-gcc, r-devel-linux-x86_64-fedora-clang, r-devel-linux-x86_64-fedora-gcc, r-devel-windows-x86_64, r-patched-linux-x86_64, r-release-linux-x86_64, r-release-macos-arm64, r-release-macos-x86_64, r-release-windows-x86_64