CRAN Package Check Results for Package cSEM

Last updated on 2025-07-16 23:49:13 CEST.

Flavor Version Tinstall Tcheck Ttotal Status Flags
r-devel-linux-x86_64-debian-clang 0.6.1 19.74 183.41 203.15 OK
r-devel-linux-x86_64-debian-gcc 0.6.1 12.09 107.89 119.98 OK
r-devel-linux-x86_64-fedora-clang 0.6.1 289.08 NOTE
r-devel-linux-x86_64-fedora-gcc 0.6.1 286.33 NOTE
r-devel-windows-x86_64 0.6.1 20.00 170.00 190.00 OK
r-patched-linux-x86_64 0.6.1 21.58 158.91 180.49 OK
r-release-linux-x86_64 0.6.1 19.28 154.56 173.84 OK
r-release-macos-arm64 0.6.1 76.00 OK
r-release-macos-x86_64 0.6.1 284.00 OK
r-release-windows-x86_64 0.6.1 22.00 176.00 198.00 OK
r-oldrel-macos-arm64 0.6.1 79.00 OK
r-oldrel-macos-x86_64 0.6.1 220.00 OK
r-oldrel-windows-x86_64 0.6.1 27.00 234.00 261.00 OK

Check Details

Version: 0.6.1
Check: dependencies in R code
Result: NOTE Namespace in Imports field not imported from: ‘Rdpack’ All declared Imports should be used. Flavors: r-devel-linux-x86_64-fedora-clang, r-devel-linux-x86_64-fedora-gcc