CRAN Package Check Results for Package bunchr

Last updated on 2025-07-20 01:49:24 CEST.

Flavor Version Tinstall Tcheck Ttotal Status Flags
r-devel-linux-x86_64-debian-clang 1.2.0 2.35 430.38 432.73 NOTE
r-devel-linux-x86_64-debian-gcc 1.2.0 1.83 282.78 284.61 NOTE
r-devel-linux-x86_64-fedora-clang 1.2.0 686.23 NOTE
r-devel-linux-x86_64-fedora-gcc 1.2.0 683.29 NOTE
r-devel-windows-x86_64 1.2.0 4.00 277.00 281.00 NOTE --no-vignettes
r-patched-linux-x86_64 1.2.0 2.80 411.60 414.40 NOTE
r-release-linux-x86_64 1.2.0 2.27 412.07 414.34 NOTE
r-release-macos-arm64 1.2.0 220.00 NOTE
r-release-macos-x86_64 1.2.0 506.00 NOTE
r-release-windows-x86_64 1.2.0 5.00 270.00 275.00 NOTE --no-vignettes
r-oldrel-macos-arm64 1.2.0 183.00 NOTE
r-oldrel-macos-x86_64 1.2.0 318.00 NOTE
r-oldrel-windows-x86_64 1.2.0 5.00 345.00 350.00 NOTE --no-vignettes

Check Details

Version: 1.2.0
Check: Rd files
Result: NOTE checkRd: (-1) kink_estimator.Rd:60: Escaped LaTeX specials: \$ Flavors: r-devel-linux-x86_64-debian-clang, r-devel-linux-x86_64-debian-gcc, r-devel-linux-x86_64-fedora-clang, r-devel-linux-x86_64-fedora-gcc, r-patched-linux-x86_64, r-release-linux-x86_64, r-release-macos-arm64, r-release-macos-x86_64, r-oldrel-macos-arm64, r-oldrel-macos-x86_64

Version: 1.2.0
Flags: --no-vignettes
Check: Rd files
Result: NOTE checkRd: (-1) kink_estimator.Rd:60: Escaped LaTeX specials: \$ Flavors: r-devel-windows-x86_64, r-release-windows-x86_64, r-oldrel-windows-x86_64

Version: 1.2.0
Check: LazyData
Result: NOTE 'LazyData' is specified without a 'data' directory Flavors: r-oldrel-macos-arm64, r-oldrel-macos-x86_64

Version: 1.2.0
Flags: --no-vignettes
Check: LazyData
Result: NOTE 'LazyData' is specified without a 'data' directory Flavor: r-oldrel-windows-x86_64