CRAN Package Check Results for Package bootf2

Last updated on 2025-07-15 23:51:15 CEST.

Flavor Version Tinstall Tcheck Ttotal Status Flags
r-devel-linux-x86_64-debian-clang 0.4.1 8.37 104.38 112.75 NOTE
r-devel-linux-x86_64-debian-gcc 0.4.1 5.19 76.93 82.12 NOTE
r-devel-linux-x86_64-fedora-clang 0.4.1 171.22 OK
r-devel-linux-x86_64-fedora-gcc 0.4.1 183.23 OK
r-devel-windows-x86_64 0.4.1 10.00 103.00 113.00 OK
r-patched-linux-x86_64 0.4.1 7.29 97.76 105.05 OK
r-release-linux-x86_64 0.4.1 5.92 96.87 102.79 OK
r-release-macos-arm64 0.4.1 80.00 OK
r-release-macos-x86_64 0.4.1 111.00 OK
r-release-windows-x86_64 0.4.1 9.00 111.00 120.00 OK
r-oldrel-macos-arm64 0.4.1 51.00 OK
r-oldrel-macos-x86_64 0.4.1 80.00 OK
r-oldrel-windows-x86_64 0.4.1 12.00 129.00 141.00 OK

Check Details

Version: 0.4.1
Check: CRAN incoming feasibility
Result: NOTE Maintainer: ‘Zhengguo Xu <zhengguoxu@gmail.com>’ Package CITATION file contains call(s) to old-style personList() or as.personList(). Please use c() on person objects instead. Package CITATION file contains call(s) to old-style citEntry(). Please use bibentry() instead. Flavors: r-devel-linux-x86_64-debian-clang, r-devel-linux-x86_64-debian-gcc